{"id":413,"date":"2021-07-01T00:25:15","date_gmt":"2021-06-30T22:25:15","guid":{"rendered":"https:\/\/www.praxis-mayrhofen.at\/team\/dr-med-univ-dominik-moser\/"},"modified":"2021-07-09T09:17:19","modified_gmt":"2021-07-09T07:17:19","slug":"dr-med-univ-dominik-moser","status":"publish","type":"page","link":"https:\/\/www.praxis-mayrhofen.at\/en\/team\/dr-med-univ-dominik-moser\/","title":{"rendered":"Dr. med. univ. Dominik Moser"},"content":{"rendered":"<p>[et_pb_section fb_built=&#8221;1&#8243; _builder_version=&#8221;4.9.7&#8243; _module_preset=&#8221;default&#8221;][et_pb_row column_structure=&#8221;1_2,1_2&#8243; _builder_version=&#8221;4.9.7&#8243; _module_preset=&#8221;default&#8221;][et_pb_column type=&#8221;1_2&#8243; _builder_version=&#8221;4.9.7&#8243; _module_preset=&#8221;default&#8221;][et_pb_image src=&#8221;https:\/\/www.praxis-mayrhofen.at\/wp-content\/uploads\/2021\/06\/dr-moser.jpg&#8221; title_text=&#8221;Dr. med. univ. Dominik Moser&#8221; _builder_version=&#8221;4.9.7&#8243; _module_preset=&#8221;default&#8221; border_width_all=&#8221;8px&#8221; border_color_all=&#8221;#FFFFFF&#8221; box_shadow_style=&#8221;preset1&#8243; box_shadow_blur=&#8221;6px&#8221; box_shadow_color=&#8221;rgba(0,0,0,0.15)&#8221;][\/et_pb_image][\/et_pb_column][et_pb_column type=&#8221;1_2&#8243; _builder_version=&#8221;4.9.7&#8243; _module_preset=&#8221;default&#8221;][et_pb_text _builder_version=&#8221;4.9.7&#8243; _module_preset=&#8221;default&#8221;]<\/p>\n<h3>Dr. med. univ. Dominik Moser<\/h3>\n<p class=\"positions\">Arzt f\u00fcr Allgemeinmedizin &#8211; Notarzt<\/p>\n<h4>Weitere Ausbildungen:<\/h4>\n<p>\u00d6AK-Diplom f\u00fcr Arbeitsmedizin<br \/>\u00d6AK Fortbildungsdiplom<\/p>\n<p>[\/et_pb_text][et_pb_text _builder_version=&#8221;4.9.7&#8243; _module_preset=&#8221;default&#8221; custom_padding=&#8221;20px|20px|20px|20px|false|false&#8221; hover_enabled=&#8221;0&#8243; border_radii=&#8221;on|4px|4px|4px|4px&#8221; border_width_all=&#8221;1px&#8221; border_color_all=&#8221;#eeeeee&#8221; sticky_enabled=&#8221;0&#8243;]<\/p>\n<h4>Kontakt:<\/h4>\n<p>Hauptstra\u00dfe 435, A &#8211; 6290 Mayrhofen<br \/>(Zufahrt \u00fcber Einfahrt Mitte)<br \/><span>Tel.:<\/span><span> <\/span><a href=\"tel:+43528563124\">+43 5285 63124<\/a><br \/><span>Fax:<\/span><span> <\/span>+43 5285 63124 40<br \/><span>Mobil:<\/span><span> <\/span><a href=\"tel:+436644003294\">+43 664 4003294<\/a><\/p>\n<p><span>E-Mail: <a href=\"mailto:ordi@praxis-mayrhofen.at\">ordi@praxis-mayrhofen.at<\/a><\/span><\/p>\n<p>[\/et_pb_text][\/et_pb_column][\/et_pb_row][et_pb_row _builder_version=&#8221;4.9.7&#8243; _module_preset=&#8221;default&#8221;][et_pb_column type=&#8221;4_4&#8243; _builder_version=&#8221;4.9.7&#8243; _module_preset=&#8221;default&#8221;][et_pb_text _builder_version=&#8221;4.9.7&#8243; _module_preset=&#8221;default&#8221;]<\/p>\n<h3>Herzlich Willkommen<\/h3>\n<p>Nach erfolgreichem Abschluss meines Medizinstudiums 2015 an der Universit\u00e4tsklinik Innsbruck, folgte meine klinisch-praktische Ausbildung als Turnusarzt im Bezirkskrankenhaus Kufstein (2016 -2019).<\/p>\n<p>Anschlie\u00dfend konnte ich ich mein Wissen und meine Fertigkeiten als Hausarzt in der Ordination von Dr. Oliver Glaser weiter vertiefen.<\/p>\n<p>Seit J\u00e4nner 2021 bin ich au\u00dferdem als Notarzt im Sprengel Achensee t\u00e4tig.<\/p>\n<p>[\/et_pb_text][\/et_pb_column][\/et_pb_row][\/et_pb_section]<\/p>\n","protected":false},"excerpt":{"rendered":"<p>Dr. med. univ. Dominik Moser Arzt f\u00fcr Allgemeinmedizin &#8211; Notarzt Weitere Ausbildungen: \u00d6AK-Diplom f\u00fcr Arbeitsmedizin\u00d6AK FortbildungsdiplomKontakt: Hauptstra\u00dfe 435, A &#8211; 6290 Mayrhofen(Zufahrt \u00fcber Einfahrt Mitte)Tel.: +43 5285 63124Fax: +43 5285 63124 40Mobil: +43 664 4003294 E-Mail: ordi@praxis-mayrhofen.atHerzlich Willkommen Nach erfolgreichem Abschluss meines Medizinstudiums 2015 an der Universit\u00e4tsklinik Innsbruck, folgte meine klinisch-praktische Ausbildung als Turnusarzt im [&hellip;]<\/p>\n","protected":false},"author":1,"featured_media":0,"parent":400,"menu_order":10,"comment_status":"closed","ping_status":"closed","template":"","meta":{"_et_pb_use_builder":"on","_et_pb_old_content":"","_et_gb_content_width":"","footnotes":""},"class_list":["post-413","page","type-page","status-publish","hentry"],"_links":{"self":[{"href":"https:\/\/www.praxis-mayrhofen.at\/en\/wp-json\/wp\/v2\/pages\/413","targetHints":{"allow":["GET"]}}],"collection":[{"href":"https:\/\/www.praxis-mayrhofen.at\/en\/wp-json\/wp\/v2\/pages"}],"about":[{"href":"https:\/\/www.praxis-mayrhofen.at\/en\/wp-json\/wp\/v2\/types\/page"}],"author":[{"embeddable":true,"href":"https:\/\/www.praxis-mayrhofen.at\/en\/wp-json\/wp\/v2\/users\/1"}],"replies":[{"embeddable":true,"href":"https:\/\/www.praxis-mayrhofen.at\/en\/wp-json\/wp\/v2\/comments?post=413"}],"version-history":[{"count":7,"href":"https:\/\/www.praxis-mayrhofen.at\/en\/wp-json\/wp\/v2\/pages\/413\/revisions"}],"predecessor-version":[{"id":491,"href":"https:\/\/www.praxis-mayrhofen.at\/en\/wp-json\/wp\/v2\/pages\/413\/revisions\/491"}],"up":[{"embeddable":true,"href":"https:\/\/www.praxis-mayrhofen.at\/en\/wp-json\/wp\/v2\/pages\/400"}],"wp:attachment":[{"href":"https:\/\/www.praxis-mayrhofen.at\/en\/wp-json\/wp\/v2\/media?parent=413"}],"curies":[{"name":"wp","href":"https:\/\/api.w.org\/{rel}","templated":true}]}}

<p>[et_pb_section fb_built=&#8221;1&#8243; _builder_version=&#8221;4.9.7&#8243; _module_preset=&#8221;default&#8221;][et_pb_row column_structure=&#8221;1_2,1_2&#8243; _builder_version=&#8221;4.9.7&#8243; _module_preset=&#8221;default&#8221;][et_pb_column type=&#8221;1_2&#8243; _builder_version=&#8221;4.9.7&#8243; _module_preset=&#8221;default&#8221;][et_pb_image src=&#8221;https://www.praxis-mayrhofen.at/wp-content/uploads/2021/06/dr-moser.jpg&#8221; title_text=&#8221;Dr. med. univ. Dominik Moser&#8221; _builder_version=&#8221;4.9.7&#8243; _module_preset=&#8221;default&#8221; border_width_all=&#8221;8px&#8221; border_color_all=&#8221;#FFFFFF&#8221; box_shadow_style=&#8221;preset1&#8243; box_shadow_blur=&#8221;6px&#8221; box_shadow_color=&#8221;rgba(0,0,0,0.15)&#8221;][/et_pb_image][/et_pb_column][et_pb_column type=&#8221;1_2&#8243; _builder_version=&#8221;4.9.7&#8243; _module_preset=&#8221;default&#8221;][et_pb_text _builder_version=&#8221;4.9.7&#8243; _module_preset=&#8221;default&#8221;]</p>
<h3>Dr. med. univ. Dominik Moser</h3>
<p class="positions">Arzt für Allgemeinmedizin &#8211; Notarzt</p>
<h4>Weitere Ausbildungen:</h4>
<p>ÖAK-Diplom für Arbeitsmedizin<br />ÖAK Fortbildungsdiplom</p>
<p>[/et_pb_text][et_pb_text _builder_version=&#8221;4.9.7&#8243; _module_preset=&#8221;default&#8221; custom_padding=&#8221;20px|20px|20px|20px|false|false&#8221; hover_enabled=&#8221;0&#8243; border_radii=&#8221;on|4px|4px|4px|4px&#8221; border_width_all=&#8221;1px&#8221; border_color_all=&#8221;#eeeeee&#8221; sticky_enabled=&#8221;0&#8243;]</p>
<h4>Kontakt:</h4>
<p>Hauptstraße 435, A &#8211; 6290 Mayrhofen<br />(Zufahrt über Einfahrt Mitte)<br /><span>Tel.:</span><span> </span><a href="tel:+43528563124">+43 5285 63124</a><br /><span>Fax:</span><span> </span>+43 5285 63124 40<br /><span>Mobil:</span><span> </span><a href="tel:+436644003294">+43 664 4003294</a></p>
<p><span>E-Mail: <a href="mailto:ordi@praxis-mayrhofen.at">ordi@praxis-mayrhofen.at</a></span></p>
<p>[/et_pb_text][/et_pb_column][/et_pb_row][et_pb_row _builder_version=&#8221;4.9.7&#8243; _module_preset=&#8221;default&#8221;][et_pb_column type=&#8221;4_4&#8243; _builder_version=&#8221;4.9.7&#8243; _module_preset=&#8221;default&#8221;][et_pb_text _builder_version=&#8221;4.9.7&#8243; _module_preset=&#8221;default&#8221;]</p>
<h3>Herzlich Willkommen</h3>
<p>Nach erfolgreichem Abschluss meines Medizinstudiums 2015 an der Universitätsklinik Innsbruck, folgte meine klinisch-praktische Ausbildung als Turnusarzt im Bezirkskrankenhaus Kufstein (2016 -2019).</p>
<p>Anschließend konnte ich ich mein Wissen und meine Fertigkeiten als Hausarzt in der Ordination von Dr. Oliver Glaser weiter vertiefen.</p>
<p>Seit Jänner 2021 bin ich außerdem als Notarzt im Sprengel Achensee tätig.</p>
<p>[/et_pb_text][/et_pb_column][/et_pb_row][/et_pb_section]</p>

<p>Dr. med. univ. Dominik Moser Arzt für Allgemeinmedizin &#8211; Notarzt Weitere Ausbildungen: ÖAK-Diplom für ArbeitsmedizinÖAK FortbildungsdiplomKontakt: Hauptstraße 435, A &#8211; 6290 Mayrhofen(Zufahrt über Einfahrt Mitte)Tel.: +43 5285 63124Fax: +43 5285 63124 40Mobil: +43 664 4003294 E-Mail: ordi@praxis-mayrhofen.atHerzlich Willkommen Nach erfolgreichem Abschluss meines Medizinstudiums 2015 an der Universitätsklinik Innsbruck, folgte meine klinisch-praktische Ausbildung als Turnusarzt im [&hellip;]</p>
